{"id":1585,"date":"2025-08-03T17:44:08","date_gmt":"2025-08-03T15:44:08","guid":{"rendered":"https:\/\/tckt-sys.ethicket.com\/namurtcgfestival\/?page_id=1585"},"modified":"2026-01-30T14:56:50","modified_gmt":"2026-01-30T13:56:50","slug":"legal","status":"publish","type":"page","link":"https:\/\/buy.ethicket.be\/namurtcgfestival\/legal\/","title":{"rendered":"Mentions l\u00e9gales"},"content":{"rendered":"\n<h3 class=\"wp-block-heading\">Organisateur<\/h3>\n\n\n\n<p><strong>Namur TCG Festival<\/strong><br>Rue de Francquen, 65 \u00e0 5100 Jambes (Belgique)<br>Site web : <a href=\"http:\/\/www.namurtcg.be\" data-type=\"link\" data-id=\"http:\/\/www.namurtcg.be\" target=\"_blank\" rel=\"noreferrer noopener nofollow\">www.namurtcg.be<\/a><br>N\u00b0 d&rsquo;entreprise : 0686.906.191 (Banque Carrefour des Entreprises)<\/p>\n\n\n\n<h3 class=\"wp-block-heading\">Gestionnaire de la billetterie<\/h3>\n\n\n\n<p><strong>R\u00e9mi RONDIA<\/strong><br>Rue du Beau Vallon, 176 \u00e0 5002 Saint-Servais (Belgique)<br>Site web : <a href=\"https:\/\/www.remirondia.be\/\" target=\"_blank\" rel=\"noreferrer noopener nofollow\">www.remirondia.be<\/a><br>N\u00b0 d&rsquo;entreprise\u00a0: 1015.524.078 (Banque Carrefour des Entreprises)<\/p>\n\n\n\n<p>Le service de billetterie utilis\u00e9 est la plateforme Ethicket.<\/p>\n\n\n\n<h3 class=\"wp-block-heading\">H\u00e9bergeur des serveurs<\/h3>\n\n\n\n<p><strong>Infomaniak Network SA<\/strong><br>25 rue Eug\u00e8ne-Marziano \u00e0 1227 Les Acacias (GE) (Suisse)<br>Site web&nbsp;:&nbsp;<a href=\"https:\/\/www.infomaniak.com\/\" target=\"_blank\" rel=\"noreferrer noopener\">www.infomaniak.com<\/a><br>N\u00b0 d&rsquo;entreprise&nbsp;: CH-660.0.059.996-1 (Registre du commerce du canton de Gen\u00e8ve)<\/p>\n\n\n\n<h3 class=\"wp-block-heading\">Contact<\/h3>\n\n\n\n<p>Pour toute question ou r\u00e9clamation relative \u00e0 la billetterie, veuillez contacter R\u00e9mi Rondia \u00e0 l&rsquo;adresse <a href=\"mailto:hello@ethicket.com\">hello@ethicket.com<\/a>.<\/p>\n\n\n\n<h3 class=\"wp-block-heading\">Conditions g\u00e9n\u00e9rales de vente (CGV) <\/h3>\n\n\n\n<p>Les pr\u00e9sentes mentions l\u00e9gales s&rsquo;appliquent conjointement avec les <a href=\"https:\/\/buy.ethicket.be\/namurtcgfestival\/terms-conditions\/\" data-type=\"page\" data-id=\"1578\" rel=\"nofollow\">Conditions G\u00e9n\u00e9rales de Vente<\/a>. L&rsquo;utilisateur reconna\u00eet avoir pris connaissance de ces conditions et s&rsquo;engage \u00e0 les respecter int\u00e9gralement.<\/p>\n\n\n\n<h3 class=\"wp-block-heading\">Protection des donn\u00e9es personnelles<\/h3>\n\n\n\n<p>Les donn\u00e9es personnelles recueillies via la plateforme de billetterie sont trait\u00e9es conform\u00e9ment au R\u00e8glement G\u00e9n\u00e9ral sur la Protection des Donn\u00e9es (RGPD). L&rsquo;utilisateur dispose d&rsquo;un droit d&rsquo;acc\u00e8s, de rectification, de suppression et d&rsquo;opposition au traitement de ses donn\u00e9es personnelles en contactant l&rsquo;organisateur ou le gestionnaire aux coordonn\u00e9es indiqu\u00e9es ci-dessus.<\/p>\n\n\n\n<h3 class=\"wp-block-heading\">Propri\u00e9t\u00e9 intellectuelle<\/h3>\n\n\n\n<p>Tous les contenus disponibles sur cette plateforme, notamment les textes, images, logos et graphismes, sont prot\u00e9g\u00e9s par le droit d&rsquo;auteur et restent la propri\u00e9t\u00e9 exclusive de Namur TCG Festival ou de ses partenaires. Toute reproduction ou utilisation non autoris\u00e9e est interdite.<\/p>\n\n\n\n<h3 class=\"wp-block-heading\">M\u00e9diation et r\u00e8glement amiable des litiges<\/h3>\n\n\n\n<p>Conform\u00e9ment \u00e0 la l\u00e9gislation belge, en cas de litige relatif \u00e0 l\u2019utilisation du Site ou des services propos\u00e9s, l\u2019utilisateur est invit\u00e9 \u00e0 privil\u00e9gier une r\u00e9solution amiable. \u00c0 cet effet, il peut recourir au service de m\u00e9diation en ligne mis en place par le Centre Belge d\u2019Arbitrage et de M\u00e9diation (CEPANI), accessible via le site officiel :\u00a0<a href=\"https:\/\/www.cepani.be\/fr\" target=\"_blank\" rel=\"noreferrer noopener nofollow\">www.cepani.be<\/a>.<\/p>\n\n\n\n<p>Ces modes alternatifs de r\u00e9solution des conflits n\u2019excluent pas la possibilit\u00e9 d\u2019engager une proc\u00e9dure judiciaire si aucune solution amiable n\u2019est trouv\u00e9e.<\/p>\n\n\n\n<p>Les pr\u00e9sentes mentions l\u00e9gales sont r\u00e9gies par le droit belge. Tout litige relatif \u00e0 leur interpr\u00e9tation ou ex\u00e9cution rel\u00e8ve de la comp\u00e9tence exclusive des tribunaux de Namur, Belgique.<\/p>\n","protected":false},"excerpt":{"rendered":"<p>Organisateur Namur TCG FestivalRue de Francquen, 65 \u00e0 5100 Jambes (Belgique)Site web : www.namurtcg.beN\u00b0 d&rsquo;entreprise : 0686.906.191 (Banque Carrefour des Entreprises) Gestionnaire de la billetterie R\u00e9mi RONDIARue du Beau Vallon, 176 \u00e0 5002 Saint-Servais (Belgique)Site web : www.remirondia.beN\u00b0 d&rsquo;entreprise\u00a0: 1015.524.078 (Banque Carrefour des Entreprises) Le service de billetterie utilis\u00e9 est la plateforme Ethicket. H\u00e9bergeur des [&hellip;]<\/p>\n","protected":false},"author":1,"featured_media":0,"parent":0,"menu_order":0,"comment_status":"closed","ping_status":"closed","template":"","meta":{"footnotes":""},"class_list":["post-1585","page","type-page","status-publish","hentry"],"_links":{"self":[{"href":"https:\/\/buy.ethicket.be\/namurtcgfestival\/wp-json\/wp\/v2\/pages\/1585","targetHints":{"allow":["GET"]}}],"collection":[{"href":"https:\/\/buy.ethicket.be\/namurtcgfestival\/wp-json\/wp\/v2\/pages"}],"about":[{"href":"https:\/\/buy.ethicket.be\/namurtcgfestival\/wp-json\/wp\/v2\/types\/page"}],"author":[{"embeddable":true,"href":"https:\/\/buy.ethicket.be\/namurtcgfestival\/wp-json\/wp\/v2\/users\/1"}],"replies":[{"embeddable":true,"href":"https:\/\/buy.ethicket.be\/namurtcgfestival\/wp-json\/wp\/v2\/comments?post=1585"}],"version-history":[{"count":6,"href":"https:\/\/buy.ethicket.be\/namurtcgfestival\/wp-json\/wp\/v2\/pages\/1585\/revisions"}],"predecessor-version":[{"id":1944,"href":"https:\/\/buy.ethicket.be\/namurtcgfestival\/wp-json\/wp\/v2\/pages\/1585\/revisions\/1944"}],"wp:attachment":[{"href":"https:\/\/buy.ethicket.be\/namurtcgfestival\/wp-json\/wp\/v2\/media?parent=1585"}],"curies":[{"name":"wp","href":"https:\/\/api.w.org\/{rel}","templated":true}]}}